2*t - 6*t = -192. Let p = j + t. What is the highest common factor of p and 50?
10
Let w(n) be the second derivative of -n**3 - 6*n. Let b be w(-3). Let t = -10 - -19. Calculate the highest common divisor of b and t.
9
Suppose -86*d + 108*d - 7533 = -71*d. Let h = -677 + 1406. Calculate the greatest common divisor of h and d.
81
Let h be 280/(-350)*(-84 + 4). Calculate the highest common factor of 552 and h.
8
Let z = -52 + 63. Suppose -10*b - 170 = -z*b. Let t(f) = -f**2 + 15*f + 3. Let h be t(14). What is the highest common factor of b and h?
17
Suppose -5*v + 452 = 4*j - 450, 0 = -v + j + 175. What is the greatest common divisor of 356 and v?
178
Suppose 2*j + 2*z = 290, -3*j + 58*z + 470 = 56*z. What is the highest common factor of 15352 and j?
152
Suppose -3*t + 3*d = 7*d - 9854, -2*t + 6553 = 5*d. Calculate the greatest common divisor of t and 81.
27
Let y be (-4)/(-14) + 12020*6/28. Calculate the greatest common divisor of y and 84.
28
Let u be ((-35)/10)/(21/(-1512)). Let l(d) = 6*d**2 + 5*d - 6. Let h be l(3). Calculate the highest common divisor of h and u.
63
Suppose -44394 - 4392 = -346*r. What is the greatest common factor of r and 235?
47
Let m(u) = 14*u**2 + 1210*u + 121. Let i be m(-101). What is the highest common divisor of 25 and i?
25
Suppose 0 = 2*d - c + 3247, 4 = 4*c - 0*c. Let w be 1/(-9) + (-3)/(81/d). What is the highest common factor of 36 and w?
12
Let t be 12/(-54) + 202/18. Let a be ((-13)/(-52))/(3/2508). Let r = -121 + a. Calculate the highest common factor of t and r.
11
Suppose -5*x - z + 187 = -102, 0 = 5*x - 2*z - 292. Let c = -154 + 155. Let g be c/(-2)*-3 - (-220)/8. Calculate the highest common factor of g and x.
29
Suppose -2007 = 10*g - 13*g - 3*c, 0 = 4*g + 2*c - 2690. Calculate the highest common divisor of 130 and g.
26
Suppose -w = 4*p + 102 - 108, -4*w + 11 = 3*p. Suppose h - v - 29 = 0, -95*h - w*v = -93*h - 50. What is the greatest common divisor of h and 45?
9
Let g(k) = -8*k - 92. Let x be g(-12). Suppose j = -x + 19. What is the greatest common divisor of 15 and j?
15
Suppose 806*f + 186 = 808*f. Let k be (-13724)/(-219) - (0 + (-4)/(-6)). Calculate the greatest common factor of f and k.
31
Let d(j) = 2*j**3 - 135*j**2 - 62*j - 232. Let o be d(68). Calculate the highest common divisor of 24112 and o.
176
Let c(q) = 9*q**2 - 38*q + 39. Let n be c(1). What is the greatest common factor of n and 2125?
5
Let f(u) = 6*u**2 + 27*u + 65. Let s be f(-5). What is the greatest common divisor of s and 976?
16
Suppose -4*g - 2061 = 5*g. Let x be (g + 1)*(-2 + 10/(-15)). Suppose -2*u - 3*i = -x, 2*i = -i. Calculate the highest common divisor of u and 38.
38
Suppose 0 = -4*r - 3*l + 7*l + 68, -4*r - 2*l + 74 = 0. Let q(m) = 7*m**3 + 7*m**2 - 36*m + 60. Let d be q(2). Calculate the highest common divisor of r and d.
18
Let r = 28 + 71. Suppose -33*g + 299 = 2. What is the highest common divisor of g and r?
9
Suppose -26*j + 32*j - 4*f = 2040, -6 = -2*f. Calculate the highest common divisor of j and 4275.
171
Let w be 20/(-12)*3078/(-90). Calculate the highest common divisor of 6 and w.
3
Let w = -20 + 185. Let o = 167 - w. Suppose 3 - 51 = -3*x. Calculate the greatest common divisor of o and x.
2
Let c be 10*(-14 + 14242/4). What is the highest common factor of c and 205?
205
Suppose 2*o = -22 + 20, 3*x + 2*o - 4915 = 0. Calculate the greatest common factor of 11 and x.
11
Let l be 104 + ((-140)/10 - -15). Calculate the greatest common divisor of l and 840.
105
Suppose y = -77*g + 80*g - 10484, 4*g - 14000 = -4*y. What is the greatest common factor of 16 and g?
8
Let h(g) = 3*g**2 - 8*g + 7. Let x be h(5). Let a be (300/125)/(6/840). Calculate the highest common divisor of x and a.
42
Let h be 3 + -18 + 5272 + 5. Calculate the highest common divisor of 6 and h.
6
Suppose 2*o - d = o - 84, 2*o = 4*d - 158. Suppose -3*x - 3*v = -276, -4*x - 3*v + 371 = -2*v. Let c = o + x. Calculate the greatest common factor of 4 and c.
4
Let f(g) = 15*g - 1. Let j be f(3). Suppose -j + 332 = 4*i. Suppose -4*h + i = h - 4*c, 2*h = -5*c + 9. What is the greatest common divisor of 6 and h?
6
Suppose -154*w + 573980 + 1233461 = -1354949. Calculate the greatest common divisor of w and 185.
185
Suppose -k - 4*s = 15, 3*k - 5*s - 37 - 3 = 0. Let j be k/40 - (-7)/8. Calculate the highest common divisor of 9 and j.
1
Let r(c) = 2*c - 29. Let x be r(4). Let u = 88 + x. Let l = 89 + u. What is the highest common divisor of 52 and l?
52
Suppose 3*c = 5*x - 1344, -224*c = -4*x - 222*c + 1074. Calculate the highest common divisor of x and 24030.
267
Let h be (90/18 + 3)*(-1 + 15/12). What is the greatest common divisor of 562 and h?
2
Let g = -21 - -73. Suppose -64 = -g*n + 50*n. Suppose -7 + 19 = 3*x. Calculate the greatest common factor of x and n.
4
Let z(q) = 2*q**2 - 59*q - 80. Let c be z(31). Calculate the highest common divisor of c and 22.
1
Suppose 108 = 2*b + 5*c, 3*b + 6*c - 147 = c. What is the greatest common factor of 1209 and b?
39
Let o = -605 - -988. Let j = o - 361. What is the highest common factor of j and 682?
22
Let p(j) = 8*j - 17*j - j**3 - 6*j**2 - 8 - 4 + j**2 - 4*j. Let z be p(-4). What is the highest common divisor of 184 and z?
8
Suppose -110 + 22 = -4*k. Suppose -y = -3, 3*y = -t - 0*t - 17. Let q(u) = -5*u - 97. Let b be q(t). Calculate the highest common factor of b and k.
11
Suppose -2*y + 139 = z - 61, -3*y = z - 201. Let n(x) = 15*x - 60. Let h be n(4). Suppose 142*m - 143*m + 22 = h. What is the highest common divisor of m and z?
22
Suppose 17*q + 33*q - 232 = 468. What is the highest common factor of q and 238?
14
Let m(f) = -f + 35. Let n be m(13). Suppose n*l - 7*l = 30. Suppose 2*z + l*z - 402 = -3*x, -2*x = -4. What is the highest common divisor of 11 and z?
11
Let h = -8944 - -9094. Calculate the greatest common divisor of h and 8475.
75
Let q be (-4)/8 - (45/(-10) + 4). Suppose 5*l = -q*l + 3*o - 15, o - 5 = l. Suppose 17*f - 190 - 218 = l. What is the highest common factor of f and 216?
24
Suppose -5*q + 331 = 3*k, -4*q + 490 = 5*k - 8*q. Suppose 60 = w - k. What is the highest common divisor of 9 and w?
9
Suppose 0 = -4*z + 5*y + 134, 8 + 48 = 2*z + 3*y. Let g = -49 + 204. What is the highest common factor of z and g?
31
Let u(x) = -3*x - 33. Let o be u(-13). Let b = o - 6. Suppose -3*a + v + 13 = b, -3*a - 2*v + 14 = 4. What is the greatest common divisor of a and 8?
4
Let f(n) = -996*n + 284. Let r be f(-1). What is the greatest common factor of r and 48?
16
Let s be (-6)/15 + 954/10. Let c = -1275 - -1334. Let m = s + c. Calculate the greatest common divisor of 14 and m.
14
Suppose -u - 3 = 3*r, 3*u - 2*r = 4*u. Let i(v) = 7*v - 50 - v**3 + u*v**2 + 103 - 37. Let z be i(7). What is the highest common factor of z and 8?
8
Let t(l) = 2*l**2 + l - 4. Let n be (3 - 4) + 2 - 3. Let q be t(n). Suppose q*r = 36 + 36. What is the greatest common divisor of 24 and r?
12
Let t be 11 + (-2 - 0) + 1. Suppose -12*n = -8*n + 4*v - 4, 27 = -n - 5*v. What is the greatest common factor of n and t?
2
Let b = 65 - 53. Suppose 13 + 35 = b*v. Suppose u - v*u = -39. Calculate the greatest common factor of 143 and u.
13
Let l be (-1 - 0)*(-10)/10. Let i be ((-3)/l - -5) + 7 + 1. What is the greatest common divisor of 130 and i?
10
Let k be ((-256)/(-5440))/((-2)/5) - 7669/(-17). What is the greatest common divisor of 779 and k?
41
Suppose 0 = -s + 2*m + 9164, 4*m + 8018 = 3*s - 19470. What is the greatest common divisor of 80 and s?
40
Suppose 5 = 4*q - 15. Let b be (-260)/65*(-1)/2. What is the highest common divisor of b and q?
1
Suppose 125 = -0*m + m. Let f = 86 + -83. Suppose 2*a + a = -f, -4*b = 4*a - 96. Calculate the greatest common factor of b and m.
25
Let n(f) = 139*f + 6168. Let t be n(-3). What is the highest common factor of 81 and t?
81
Suppose f - 3*p - 7 = -32, 2*p = -5*f - 40. Let a = f + 19. Suppose 5*n + 48 = a*n. What is the greatest common factor of n and 12?
12
Let l = 184 - 179. Suppose 0*w = 5*x - 3*w - 1031, -2*x + l*w = -420. What is the highest common factor of x and 82?
41
Suppose 5*b = 3*a + 15, -b - 14*a + 3 = -12*a. Suppose -2*v + v + 2*i + 13 = 0, -26 = -5*v - b*i. What is the highest common divisor of v and 14?
7
Let i = -42 - -44. Suppose -i*h + h + 2 = 0. Let t be 1/((-2)/h